t a(q) = -1. Let y(d) = -d**3 + 3*d**2 - 5*d + 6. Let s(n) = -4*a(n) - y(n). Let x(c) = -3*s(c) - 2*w(c). Determine x(4).
0
Let i be (396/45 - 7) + (-8)/10. Let q(t) = 1 - 3*t + t + t - t**2. Calculate q(i).
-1
Let c(n) = -16*n**3 + n**2 + 3*n - 1. Let p(d) = d**3 - d**2 - d + 1. Let g(a) = -c(a) - 2*p(a). Give g(-1).
-13
Let i(l) = l**3 + 12*l**2 + 2*l + 24. Let u be i(-12). Let h(x) = x**2 - 7. What is h(u)?
-7
Suppose -3*q = 3 - 6. Let u(l) = 15*l**2 - 10*l + 5. Let j(v) = 3*v**2 - 2*v + 1. Let w(n) = -11*j(n) + 2*u(n). Calculate w(q).
-2
Let p(v) = -v**2 + v - 3. Let r = -6 - -15. Suppose 2*n + r = -3*y, 0 = -5*n + y - 2*y + 10. Suppose -4*s + n*m = 3, -5 = -3*s - 4*m - 1. Determine p(s).
-3
Let a(v) = -v. Suppose -140 = -4*w - 3*f, 5*w - 175 = -3*f - 2*f. Let k = 1 - 1. Suppose -5*y = -4*d - 33, k = 4*d - 4*y - 7 + w. Give a(d).
2
Let h be (4/(-2))/(3/6). Let m(t) = t + 4. Let u be m(h). Let o(n) = n**3 - n**2 - n - 6. Determine o(u).
-6
Suppose 5 = -4*v - 2*u + 21, 20 = 5*u. Suppose 2*k + 0 = 4. Let y(j) = -j + v*j + 6 - k. Determine y(0).
4
Suppose 0 = 4*a - 2*s - 2*s + 16, 3*a = -2*s - 32. Let n(k) = k**3 + 9*k**2 + 7*k - 9. Calculate n(a).
-1
Let d(g) = g - 5. Let k(s) = -s + 5. Let x be k(9). Let a be -2 + x/(0 + 2). Let m be a/10 - 2/(-5). What is d(m)?
-5
Suppose k + 1 - 3 = 0. Let a(n) = -n**3 + 4*n**2 - 3*n + 3. What is a(k)?
5
Suppose p + y = 5*y - 18, 5*p + 5*y = -15. Let z(b) = -2*b - 7. Give z(p).
5
Let j(z) = z - 7. Let f(a) be the second derivative of a**2/2 - 3*a. Let p(m) = -6*f(m) - j(m). Give p(-5).
6
Let q(n) = -n**3 + 3*n**2 + 3*n - 5. Suppose u + 2*u - 21 = 0. Let m = 25 + -20. Suppose -3*p + m = -u. What is q(p)?
-9
Let k(i) be the third derivative of -i**7/840 + i**6/60 - i**5/24 + 7*i**4/24 - i**3/3 + 9*i**2. Let q(n) be the first derivative of k(n). Give q(5).
7
Let p = -12 - -16. Let s(a) = a + 2 + 3*a - a + p. Determine s(-5).
-9
Let d = -8 + 11. Let h(q) = 3 + 4*q - 4*q - 4 + q + 3*q**d. Determine h(1).
3
Let b(z) = -4 - 5*z + 0 + 6*z. Let f be b(8). Let x(d) = d**2 - 3*d - 3. What is x(f)?
1
Let w be 4/(-3)*24/(-16). Let o(h) = 4*h**2 + 7 - h**2 - 8*h + 0*h**w - 2*h**2. Determine o(6).
-5
Let y be 12/(-10)*(-80)/64. Let s(v) be the second derivative of -1/20*v**5 + v + y*v**2 + 0 + 5/12*v**4 - 2/3*v**3. Give s(4).
3
Let i(g) = -g**3 - g**2 - g + 2. Suppose -5*j + 2*r = -135, -j + 0*r = -2*r - 35. Suppose -k - t + 0 = -5, -3*k = -5*t + j. Give i(k).
2
Let s(a) = -2*a - 7. Let q(n) = 3*n - 5. Let w be q(3). Suppose -4 = -u - 5*d, d + 18 = -w*u - 4. Give s(u).
5
Suppose 5*z + 7 - 12 = 0. Let u(s) = 2*s. Determine u(z).
2
Let t(h) = -h + 3*h**3 + 4*h**3 - 13 - 6*h**3. Calculate t(0).
-13
Let a(g) = -5*g**2 + 1. Let y = 1 - -2. Let n(h) = -1 - 2*h + 4*h + y*h - 3*h. Let k be n(1). What is a(k)?
-4
Let o(i) = -i**2 - 6*i - 3. Let t(q) = -2*q**2 - 6*q - 3. Let b(d) = 3*o(d) - 2*t(d). Suppose 4*z - z = p + 12, 0 = 3*p - 9. Calculate b(z).
-8
Suppose -w + 5*w = 140. Suppose 5*l - 40 = -2*v, 3*v - 7*l - w = -2*l. Suppose -v = 4*h - 3. Let x(s) = s**2 + 3*s + 3. Calculate x(h).
3
Suppose 3*p + 11 + 7 = 0. Let o(r) = r + 4. Give o(p).
-2
Let u(x) = 10 + x**2 - x**3 - x - 2 + 0. Let q(n) = 3*n - 12. Let l be q(5). Let y(m) = m - 3. Let g be y(l). Calculate u(g).
8
Let a(s) = -65 - 3*s**2 - 4*s - 72 + 130 + 2*s**2. Determine a(-5).
-12
Let v(g) be the second derivative of 3/2*g**2 + 0 - 2*g + 5/6*g**3. Let q be (2 - 3) + (-1 - 0). Calculate v(q).
-7
Let s be 15/3*(-4)/(-10). Let l(h) = 1 + 3 + 2*h - s. Let d = -2 + 0. Give l(d).
-2
Let z(y) be the first derivative of -y**2/2 + y - 12. Suppose 3*o + 8 + 7 = -3*x, 0 = -o + 5*x + 19. Determine z(o).
2
Let f(d) = d + 2. Let u be 2 - 1 - (-45 + 2). Let v be u/10 + (-6)/15. Suppose 3*o - 13 = 5*t, -4*t - 3*o - 16 = -v*o. What is f(t)?
-3
Let a(g) be the second derivative of -g**7/2520 - 7*g**6/720 - g**5/24 - g**4/4 - 3*g. Let m(d) be the third derivative of a(d). What is m(-4)?
7
Let r(q) = 2*q. Let n be r(-1). Let c(i) = -i**2 + i - 1. Let f(w) = -2*w**2 + 8*w - 5. Let y(v) = -5*c(v) + f(v). Calculate y(n).
6
Let y(h) = 13*h**2 - 23*h + 29. Let a(i) = -3*i**2 + 6*i - 7. Let j(q) = -9*a(q) - 2*y(q). What is j(5)?
-10
Suppose a - 4*a = -3. Let i(v) = 4*v - 4*v + 7*v**3 + 0*v. Calculate i(a).
7
Let c(n) = -9*n**2 - 19*n + 2*n**2 + 8*n**3 - 2*n**2 + 8*n**3. Let q(y) = 3*y**3 - 2*y**2 - 4*y. Let o(h) = 2*c(h) - 11*q(h). Suppose 2*x + 15 = 5*x. Give o(x).
5
Let m(z) = -11*z**2 + 1. Let u(q) = -q + 7. Let d be u(8). Give m(d).
-10
Let d(k) = -k**3 + k**2 + k - 2. Let g be 8 - 11 - -1*1. What is d(g)?
8
Let o be 7/((-21)/6) - -2. Suppose -p - 3*v - 9 = 10, -5*p + 4*v = o. Let a(d) = d**3 + 3 + 2*d - 5*d**2 + 10*d**2 - 6. Calculate a(p).
5
Suppose -6 - 30 = -4*y. Suppose -2 = 2*f - 4*d, -2*d = -5*f + 2 + y. Let x(c) = -c**3 + c**2 + 3*c + 2. Calculate x(f).
-7
Let y(t) = -t**3 + 5*t**2 + 3*t - 1. Let l(b) = 5*b + 80. Let j be l(-15). Give y(j).
14
Let i = 30 - 39. Let u(k) = k**2 + 8*k - 2. Give u(i).
7
Suppose 2*j = k - 1, -8 - 4 = 3*j + 2*k. Let q(z) = z**2 - 4*z - 3. Calculate q(j).
9
Let w = 2 - 2. Let g = -1 - w. Let o(r) = -6*r**3 + r**2 - r - 1. Give o(g).
7
Let b(t) = -t**2 - 10 - 10*t + 5*t + 7. Give b(-3).
3
Let x(g) = g**3 - 5*g**2 + 4*g - 26. Let b be x(5). Let f(q) = q. Give f(b).
-6
Let u = 11 - 5. Suppose -5*n - 2 = -u*n. Let i(q) = 0 + 0*q + q - 2. Calculate i(n).
0
Let h(x) = -3*x - 5. Suppose 40 = -5*q - 4*b, 4*q - b = 3*b + 4. What is h(q)?
7
Let d = -8 + 4. Let x = d + 10. Suppose 3*v = -0 + x. Let o(t) = -t**2 + t + 2. What is o(v)?
0
Let p(q) be the second derivative of -q**4/8 - 3*q**2/2 + 2*q. Let b(h) be the first derivative of p(h). Calculate b(1).
-3
Let m(a) = a + 6. Let o(c) = -c - 11. Let h(b) = 5*m(b) + 3*o(b). Let l = -5 - -9. Suppose 0 = 2*j + l*p + p - 9, -3*j - 12 = -p. What is h(j)?
-9
Let o(l) = 5*l**3 + 20*l**2 - 21*l + 21. Let f(c) = 2*c**3 + 2 - 3*c**3 + 5*c - 2 - 5*c**2 - 5. Let b(r) = 9*f(r) + 2*o(r). What is b(4)?
-7
Let n(m) = m**3 + m**2 - 2*m + 1. Let j(l) = l + 1. Let d(x) = j(x) + n(x). Let u(v) = -2*v**2 + 21*v - 12. Let f be u(10). Give d(f).
0
Let d(k) be the third derivative of k**4/24 + k**3/2 - 7*k**2. Let m(q) = -q - 2. Let i(c) = 3*d(c) + 4*m(c). Calculate i(5).
-4
Let x = -16 - -19. Let b(c) = -10*c + 10. Let l(k) = k - 1. Let i(s) = -b(s) - 8*l(s). Determine i(x).
4
Let k(x) = x. Let y(o) = o**2 + o - 8. Let n(v) = -4*k(v) - y(v). Let u be (-1)/3 - (-1 - (-100)/15). Give n(u).
2
Let s = -17 + 11. Let p be 0/s*2/(-4). Let o(q) = 2*q + 0*q + p*q + q. Calculate o(-1).
-3
Let j(c) be the third derivative of c**6/120 - c**5/20 + c**4/6 - c**3/2 - c**2. Give j(3).
9
Let y(r) be the first derivative of -r**2 - 3*r - 1/3*r**3 - 2. Give y(-2).
-3
Let s(t) = t**3 + 4 - 5*t - 8*t**2 + 3*t**2 + 2*t. Calculate s(5).
-11
Suppose 4*y = y - 18. Let r(s) = s**2 + 6*s + 5. Give r(y).
5
Let n(c) = c - 4. Let x = 17 - 20. Determine n(x).
-7
Let w(t) = t**3 + 5*t**2 + 4*t + 4. Let i be ((-7)/7)/((-2)/(-8)). What is w(i)?
4
Let x(a) be the first derivative of -4*a**3/3 + a - 8. Let g(n) = n**2 + 2*n + 1. Let v be g(-2). Give x(v).
-3
Let f(h) = 4*h - 3. Let s(g) = 3*g - 2. Let a(k) = -2*f(k) + 3*s(k). Suppose 10*m - 6*m = 0. Suppose 3*w - 7*w - 16 = m. What is a(w)?
-4
Let x(y) be the second derivative of y**5/40 - y**4/8 + 5*y**3/6 - 2*y. Let h(c) be the second derivative of x(c). Calculate h(2).
3
Let y be 0*4/(1 - 5). Let a(c) be the first derivative of y*c**2 - 3 - 1/2*c**4 + 2*c - c**3. Give a(-2).
6
Suppose -2*o = 4 - 2. Suppose 0 = -3*b + 4*b - 2. Let r(z) = 4 - 5 + 0*z**b - 8*z**2. Calculate r(o).
-9
Let k(m) = 3*m**2 + 2 + 1 + 5*m - 4*m**2 - 7. Determine k(5).
-4
Let g(r) = -r + 15. Let a be g(15). Let j(m) = -m**2 - 9. Give j(a).
-9
Let a(b) = -b**2 + 4*b - 3. Let p(t) = 3*t**2 - 8*t + 7. Let f(i) = 5*a(i) + 2*p(i). Calculate f(-4).
-1
Suppose 10*j = 5*j + 10. Let a(w) = -2*w - 2 + 2*w + 2*w. Determine a(j).
2
Let w(a) = -a - 4. Let u = 6 - 6. Suppose u = b - 3*b. Give w(b).
-4
Let w(j) be the third derivative of 5*j**4/24 - 2*j**3/3 + 8*j**2. What is w(3)?
11
Let n(t) = -t**2 + t + 3. Let z be 7*(192/(-28))/(-4). Let p = z - 12. Determine n(p).
3
Let w = 8 - 11. Let t(m) = m**2 + 4*m + 4. Calculate t(w).
1
Let c be 4/(-10) + 13/(-5). 